
Let f = 66 + 93. Is f prime?
False
Let o be 12/2*(-13560)/(-36). Suppose o = 4*d - 0*d. Is d a composite number?
True
Suppose 3*k = 2*k + 13. Let g = k + 7. Suppose -2*u = -18 - g. Is u a composite number?
False
Let d(u) = u**2 + 4*u + 3. Let q be d(-3). Let s(h) be the second derivative of -h**4/12 + 37*h**2/2 + 3*h. Is s(q) composite?
False
Let l(z) be the third derivative of z**6/40 - z**5/30 - z**4/4 - z**3/3 - z**2. Is l(3) composite?
False
Suppose -3*t - 918 = -4*d, 5*d + 5*t - 1141 = -11. Suppose 2*c - 151 = -3*v, 2*v + v - d = -3*c. Is c a prime number?
False
Suppose 13*o - 14*o + 53 = 0. Is o prime?
True
Let b = -10 - -5. Let n(h) be the second derivative of -h**3/2 + 2*h**2 + h. Is n(b) a prime number?
True
Suppose 12*w - 618 = 9*w. Is w composite?
True
Let a(m) = -m - 1 + 2 + 3 + 4*m. Is a(10) a composite number?
True
Let q(r) = 6*r + 34. Is q(12) a prime number?
False
Let t be (-3)/(2 - 8)*0. Suppose s = -t*s + 2. Suppose -3*n + 37 = -s*m + 3*m, m = n - 19. Is n prime?
False
Suppose -d + 5*d + s - 708 = 0, -2*d + 336 = 5*s. Let j be ((-7)/(28/(-102)))/((-1)/(-2)). Let r = d - j. Is r a composite number?
False
Let j(r) = 9*r**2 + 2*r - 3. Is j(10) prime?
False
Let x be (-112)/(-4) + (1 - 0). Let i = x - -9. Is i prime?
False
Let x = -4 - -1. Let d be 3*((-5)/x + -1). Suppose o - d*n - 1 = -2, 5*o - 3*n = 23. Is o prime?
True
Suppose 5*m - 11 - 9 = 0. Suppose l = 4*l. Suppose -3*k = m*w - k - 42, -5*w - 5*k + 40 = l. Is w prime?
True
Suppose 2*a + 16 + 0 = 0. Is (86/5)/(a/(-20)) a composite number?
False
Let p = 611 + -434. Is p a composite number?
True
Suppose 902 = 3*b - 517. Is b a prime number?
False
Let w = 1 - -7. Let i be 0 + w/1 + -2. Is (1 + 15/i)*2 composite?
False
Let y be (-2976)/(-15) - (-2)/(-5). Suppose 4*l - 210 - y = 0. Suppose -133 = -2*h + 5*c + l, 3*h - 3*c = 348. Is h composite?
True
Let k = -21 + 1136. Is k a prime number?
False
Let c(d) = 0 + 0 - 3 + 7*d. Let q be (-66)/(-10) - 4/(-10). Is c(q) composite?
True
Let v(a) be the second derivative of -a**8/6720 + a**7/315 - a**6/180 - a**5/60 + a**4/4 + 2*a. Let s(p) be the third derivative of v(p). Is s(5) prime?
True
Let n be 8/2 + -2 + 0. Let o(a) = 31*a**2 + a - n + 0 + 3. Is o(-1) a composite number?
False
Suppose -5*v = 3*s - 19, -v + 18 = 2*v + 4*s. Let l = 15 - v. Is l prime?
True
Is 444/6*(-1)/(-2) a prime number?
True
Let i(k) = 3*k**2 + 4*k + 2. Let q be i(-2). Let g(z) = -z**3 + 5*z**2 + 7*z - 6. Let x be g(q). Suppose j + j - 298 = x. Is j a prime number?
True
Let h(a) be the second derivative of a**3/6 + 7*a**2/2 - 4*a. Let v be (-128)/(-22) - 4/(-22). Is h(v) a composite number?
False
Let z(q) = q**2 + q. Let p(o) = o**2 + 2*o + 2. Let l(c) = -p(c) + 2*z(c). Let t be l(2). Suppose 0*g + 38 = t*r - g, 5*r = 3*g + 93. Is r a prime number?
False
Suppose 267 = 3*u - 0*u. Is u composite?
False
Let t(j) = -j**3 + 8*j**2 - 2*j + 4. Let h be 3*1/3*7. Is t(h) composite?
True
Let d = 11 - 11. Suppose -5*y + 137 + 48 = d. Is y composite?
False
Let t be (3/2)/((-1)/(-2)). Suppose 0*b - 381 = -t*b. Is b a prime number?
True
Let c = 7 + -5. Suppose -f = -c*f + 89. Is f a composite number?
False
Let j = -73 + 121. Suppose 17 = v - j. Is v a prime number?
False
Let p(y) = y + 9. Let o be p(-7). Suppose 0 = o*i - a + 4 - 1, a = 4*i + 5. Let u(b) = 119*b**2 - b - 1. Is u(i) a composite number?
True
Let n = -9 + 14. Is (-1)/n + (-332)/(-10) a composite number?
True
Suppose 0 = -4*p - u + 205 + 54, -p = -3*u - 81. Let c = -2945 + 6761. Is (-2)/(-11) + c/p composite?
True
Suppose 27 = -3*f + 906. Is f composite?
False
Let g be 89*(-1)/((-3)/(-9)). Let s = g - -454. Is s a prime number?
False
Suppose 0 = r - 2*x - 2 + 6, 4*r - 4*x = 0. Suppose l = -5*j + 8, l + 12 = 3*j - r*j. Let z = l - -24. Is z a composite number?
False
Suppose -3*u + 289 = 4*t + 2*u, 3*t = -5*u + 223. Suppose o = 3*o - t. Is o composite?
True
Is 4472/6 - (-4 + (-26)/(-6)) prime?
False
Let j = 2 - 3. Let m be 2 - (j + 9 + -2). Let n = 19 + m. Is n prime?
False
Let z be (-1 + 159)*(-1)/(-2). Suppose 0 = -10*c + 2*c. Is (z - c) + (2 - 2) a composite number?
False
Let n = -703 + 1420. Is n a prime number?
False
Suppose -4*d = -d - 9. Let z be (-2 + 2)*d/6. Suppose -4*n + 183 + 29 = z. Is n a composite number?
False
Let f(d) = 4*d**2 - 6*d - 8. Let k be f(-7). Suppose k = -b + 3*b. Is b prime?
False
Suppose 5*k + g = 10763, 0*g = k + 3*g - 2147. Is k a composite number?
False
Suppose -131 - 191 = -2*l. Is l prime?
False
Suppose -5*h + 567 = -38. Is h a composite number?
True
Let s(v) = v**2 - 9*v + 9. Let q be s(9). Let p = q - -125. Is p a composite number?
True
Suppose -l + 0 + 3 = 0. Suppose 0 = -c - 5*m + 3, -l*c + 3*m = -37 + 10. Suppose -n + c + 5 = 0. Is n prime?
True
Let l = 7 + -8. Let w = l + -2. Is ((-5)/w)/(7/231) a prime number?
False
Let l = 201 - -140. Is l a composite number?
True
Let x = 1607 + -80. Is x a composite number?
True
Let a = 6 + -2. Let z = 11 - a. Is z prime?
True
Let m = -22 + 7. Is (m/(-45))/(1/195) a prime number?
False
Let v(w) = 35*w. Let q be v(6). Suppose 0 = -m - 7 + q. Is m composite?
True
Suppose 2*q = -2*q + 5380. Is q a prime number?
False
Let r be (5 - 10)*(-3)/5. Is -1 + (r + 158 - -1) prime?
False
Let a(d) = 3*d + 4. Let y be a(5). Suppose -5*v = 1 + y, 41 = u - v. Is u prime?
True
Suppose -r - 1306 = -3*r. Is r prime?
True
Let p be (5 + 0)*(1 - 0). Suppose n - 1 = -q, -p*q = n - 9 - 12. Suppose q*f = 2*f + 30. Is f a prime number?
False
Suppose 3*x + 5*u - 1216 - 1405 = 0, -2*x - 4*u = -1746. Is x composite?
False
Let i = 2 + 1. Let a(x) = 6*x + 1. Is a(i) composite?
False
Let u = 107 + 42. Is u composite?
False
Suppose -2 = 2*f - 22. Suppose 0 = u - 5*u - 16, -q + f = -4*u. Is 177/2 - 3/q a prime number?
True
Suppose -4*d = -2*i + 696, -2*d - 1780 = 4*i - 9*i. Suppose -4*p = -2*m - 352, i = -2*p + 6*p + m. Suppose 4*c + p = 933. Is c a composite number?
False
Suppose 3*h - 37 = 110. Suppose -w + 3*f + 64 = 0, -2*f + 4*f - h = -w. Is w a prime number?
False
Suppose 3*h - 2*h = 3. Suppose -2*l - 360 + 78 = -4*k, h*l + 354 = 5*k. Is k a prime number?
False
Suppose -5*w + 18 = -7. Suppose -273 = -w*a + 1202. Suppose 4*r = -r + a. Is r prime?
True
Let z = -4554 - -7003. Is z a composite number?
True
Suppose 2*n - 29 = -3*i, i - 4*i + 59 = -4*n. Suppose -2*h = i - 603. Is h a composite number?
True
Let m be (14/(-3))/((-6)/9). Let w = 20 - m. Is w composite?
False
Let p(d) = d**3 - 5*d**2 + d - 6. Let g be p(6). Suppose -j + g = -1. Is j a composite number?
False
Suppose -5*i = -2*s + 28 - 5, -3*i - 53 = -4*s. Suppose -s + 2 = -3*b, 4*r = b + 336. Is r prime?
False
Let d be 45 + 0/((-8)/(-4)). Suppose 2*m - d = 213. Is m prime?
False
Suppose -243 = -5*z - c, -5*z = -5*c + 32 - 257. Let s = 83 - z. Is s a prime number?
False
Let n(v) be the second derivative of v**4/12 - 2*v**3/3 - 5*v**2/2 + 2*v. Let a be n(6). Let p(o) = o**3 - 7*o**2 + 4*o - 6. Is p(a) a composite number?
True
Let l(z) = 14*z**2 + 5*z - 2. Is l(-5) prime?
False
Let q be (0 - -4) + -1*2. Suppose 4*p - 15 = 5*t, -4*p - 3 = q*t - 25. Suppose -4*a = a - z - 71, 0 = -p*a - z + 69. Is a composite?
True
Let k = 14 - 14. Suppose 548 = -k*o + o - 3*a, 5*o - 2805 = 2*a. Is o composite?
False
Let b(h) = 2 - 2 + h**2. Let s(r) = r**3 - r**2 + 2*r + 7. Let c(p) = -4*b(p) - s(p). Is c(-6) a prime number?
True
Suppose -3*f = -s - 7, s - 4*s = -5*f + 9. Is 151 - (f + 2 + -3) a composite number?
False
Let n = 95 + -57. Is n prime?
False
Suppose -2*p - 2*t - 14 = -2, -t = -5*p - 6. Is (-9747)/(-63) + p/(-7) a composite number?
True
Suppose -d = 2*d + 5*g - 1492, 0 = 3*g + 3. Is d a composite number?
False
Let q(n) be the first derivative of n**4/4 + 11*n**3/3 - 13*n + 9. Is q(-9) a composite number?
False
Suppose c + 0*m + 4*m - 92 = 0, 3*m = -6. Suppose -c = 3*p - 259. Is p prime?
True
Let c(n) be the third derivative of 17*n**4/12 - n**3/6 + n**2. Let j be c(1). Suppose -4*h + 3*h + j = 0. Is h prime?
False
Suppose 2*d + 2*t = -0*t - 126, -4*d - 250 = 2*t. Let r = -7 - d. Is r composite?
True
Is 165 + 4 - 6/2 prime?
False
Let r be ((-38)/5)/((-2)/10). Suppose -3*j = -r + 8. Is j composite?
True
Suppose f - 4*f = -21. Let g = -4 + f. Suppose 15 = 2*v - i, -g*v + 6*v + 2*i - 40 = 0. Is v prime?
False
Let x =